Let g(r) = -r**3 + r**2 - r + 13. Let n(z) = 3*z + 2*z**2 - 31 - 8*z**2 + 8*z**2 - 4. Let a be n(-5). Give g(a).
13
Let y(z) = -3*z + 3 - 3834*z**2 + 13 + 3835*z**2. Give y(0).
16
Let n be 15/75 - (-29)/5. Suppose x - 6 = -4. Let v(q) = -6 - x + 14*q - 15*q. Determine v(n).
-14
Let h(t) = -7*t - 3. Let s = -315 + 320. Suppose 5*r + 2*g = -34, -r - 10 - 6 = s*g. Give h(r).
39
Let y(k) = -k - 5. Let n be (-4 - 4/((-32)/12))*4. Determine y(n).
5
Suppose -4*x + 16 - 6 = -2*q, -2*x = 4*q - 10. Let a(y) = -5*y**2 - 328 + 5*y + 3*y**3 + 169 - 4*y**x + 164. Give a(-6).
11
Let d(f) = f**3 + 8*f**2 + 6*f + 6. Let u(y) = 11 - 19 + 7*y - 49*y - 15*y**2 + 10. Let p be u(-3). Determine d(p).
13
Let h(z) = 30339 - 7*z**2 + 3*z + z**3 - 60683 + 30329. Calculate h(7).
6
Let c(t) = 2*t**2 + 57*t - 625. Let q be c(-37). Let g(f) = -21*f + 3. Give g(q).
-81
Let d(m) = -4*m - 18. Let b(x) = 4*x + 17. Let q(k) = -7*b(k) - 6*d(k). Let s(z) = 5*z + 12. Let u(v) = 7*q(v) + 6*s(v). What is u(6)?
7
Let g(o) = -o**2 + 7*o - 9. Let a(j) = -j**3 + 6*j**2 - 7. Let u be a(5). Suppose -f - 2*z = -u, 3*z + 16 - 1 = 2*f. Suppose -103 = -f*c - 31. What is g(c)?
-3
Let u(t) be the first derivative of -t**4/2 - t**2/2 + 25*t - 31. Let x(f) be the first derivative of u(f). Let k be -3 + -1 + 1 - -2. Determine x(k).
-7
Suppose 12*q - 11*q = 2. Suppose -q*j + 1 = -3*j, 2*v + 4*j + 18 = 0. Let t(y) be the third derivative of y**4/24 - 5*y**3/6 - y**2. Give t(v).
-12
Let p = -414 + 424. Let r(k) = 46*k - k**3 - 57*k - p*k**2 - 10 - 9. What is r(-9)?
-1
Let v(g) = -g**3 + 10*g + 6. Let j be v(-3). Let u(k) = 6*k - k**2 + 0*k**2 - 2*k**2 - 13 - k**j + 20 - 12. Determine u(-5).
15
Let v(g) = -3*g**2 - 1 - g**2 + 0. Let j(y) = y**3 - 4*y**2 - 54*y + 34. Let t be j(-6). What is v(t)?
-17
Let y(l) = -12*l**3 + 3*l**2 - 17*l - 2. Let p(a) = 10*a**3 - 4*a**2 + 14*a. Let r(t) = 5*p(t) + 4*y(t). Determine r(4).
0
Let s(u) be the second derivative of -u**4/12 + u**3/6 + 2*u**2 + 4*u. Let b(w) = 2*w**2 - 16*w - 37. Let a be b(-2). What is s(a)?
-2
Let s(m) = m**2 + 8. Let n(f) = -f**3 - 25*f**2 + 53*f - 14. Let b be n(-27). Suppose -1 = -b*i - 1. What is s(i)?
8
Let v(q) = q + 25. Let z(i) = 5*i + 161. Let d(m) = -13*v(m) + 2*z(m). Give d(-5).
12
Let f(w) be the third derivative of -w**5/30 + w**4/12 + 19*w**3/6 - 3*w**2 - 33*w. What is f(-3)?
-5
Let h = 2507 + -2513. Let j(k) = k**3 + 8*k**2 + 16*k + 9. Calculate j(h).
-15
Suppose 0 = 3*a - 28*a. Let b(y) be the second derivative of -3*y**2 + 1/3*y**3 + y + a. What is b(7)?
8
Suppose 226*d = -2*b + 224*d - 4, -d = 2*b - 1. Let g(c) = 4*c**2 - 2*c + 4. Calculate g(b).
34
Let m(j) = 26*j + 9. Let d = -1539 + 1535. What is m(d)?
-95
Let r(t) = -160*t + 4955. Let v be r(31). Let m(b) = b**3 + 3*b**2 - 9*b - 8. Give m(v).
-13
Suppose -m + 6 = 2*m. Let g(v) = -m + 2 + 1 - 6*v. Let j(d) = d**3 + 5*d**2 - 18*d - 73. Let r be j(-6). Give g(r).
7
Let a(x) = 1 - 8*x + 2*x - 4. Suppose 2*j - 29 = 5*q, -1407*q + 1409*q = -j + 1. What is a(q)?
15
Let j(r) = r**3 - 14*r**2 + 17*r + 4. Let a be (-68)/(-6) + 62/93. Calculate j(a).
-80
Let t(x) = 2*x - 13. Suppose -2*n = -3*m - 24, -3*m - 2*n - 10 - 2 = 0. What is t(m)?
-25
Suppose 0 = 3*v - d - 3, -v - d + 5 = -0. Let k(t) = 7 + 13*t**2 - 10*t + 9*t**2 - 31*t**2 + 8*t**v. Determine k(-11).
-4
Let o(b) = 4 - 3*b**2 - 2 + 12*b**2 + 7*b + b**3. Let h = -673 - -675. Suppose 0 = -2*p + 4*k + k - 31, -h*k + 22 = -2*p. Calculate o(p).
10
Let b be 1*(-7)/(14/526). Let j = -273 - b. Let a(t) = -2*t - 15. Determine a(j).
5
Let f(q) = -2*q**2 + 10*q + 3. Suppose -46*v = -138*v + 552. Determine f(v).
-9
Let p(y) = -8*y**2 + 13*y**3 + 11*y - 7 - 12*y**3 + 27 - 6*y**2 + 4. Give p(13).
-2
Suppose l + 3*a - 15 = 4, -a - 5 = 0. Let s(f) = l - f**2 - 3*f + 34 - 73. Give s(-6).
-23
Let p = -91 + 85. Let x(l) be the second derivative of l**4/12 + l**3 - 5*l**2/2 + 18*l. Calculate x(p).
-5
Let m(s) = -32*s - 31. Let q(t) = 5*t + 1. Let c(b) = m(b) + 6*q(b). Determine c(-17).
9
Let s be ((-10)/(-16))/(89/712). Let t(h) = h**2 - 7*h + 5. Determine t(s).
-5
Let j be 0 - (-5 - (-3 - 2)). Suppose -2*t + 2 = -j. Let d(x) = -7*x**2 - 4*x - 3. Let h(p) = -11*p**2 - 6*p - 5. Let n(s) = -8*d(s) + 5*h(s). Determine n(t).
2
Let o = 9912 + -9905. Let h(s) = s**3 - 4*s**2 - 13*s - 16. Calculate h(o).
40
Let r(f) = -f**2 + 18*f - 12. Let o be r(17). Suppose 5*v - 5 = -5*y, o*v - 3*y - 18 = -5. Let h(n) = 1 + 30*n**2 - 15*n**v + 2 - 4*n - 14*n**2. Determine h(6).
15
Let i be (2 - 0 - 0) + (-4 - -4). Let n(v) = -44*v**3 - 3*v**2 - 8*v + 8. Let c(u) = 35*u**3 + 2*u**2 + 7*u - 7. Let y(o) = 5*c(o) + 4*n(o). Give y(i).
-13
Let g(s) = s**3 - 10*s**2 + 9*s. Suppose -408 + 152 = 8*i. Let z = i - -56. Let q(a) = a**2 - 24*a + 9. Let b be q(z). Determine g(b).
0
Let j(g) = g**3 - 3*g**2 + 5*g - 12. Let x be j(3). Let y(d) = -2*d - 63*d**2 + x*d - 2 + 64*d**2 + 1. What is y(2)?
5
Suppose 2*w - 6*w + 472 = 4*k, 5*w + 3*k = 596. Suppose -3*f - 124 = -w. Let o(m) = -31*m - 4*m + 13*m. What is o(f)?
22
Let w(j) = -j**2 - j - 2. Let b(t) = t**2 + 2. Let n(l) = -6*b(l) - 5*w(l). Let g be 4*(-213)/(-6) + 3*1. Let v = g + -142. Determine n(v).
4
Let s(w) be the third derivative of 0*w + 0*w**5 + 0*w**4 - 1/60*w**6 + 0 - 3*w**3 + 18*w**2 + 1/840*w**7. Let m(f) be the first derivative of s(f). Give m(6).
0
Let t(q) = q**2 + 5*q - 4. Let a(d) = 17*d + 86. Let o be a(-4). Suppose -8*y + o*y = -50. Calculate t(y).
-4
Let l(r) = -r**2 + 45. Let n(z) = -5*z**2 - 6*z + 275. Let k(f) = -6*l(f) + n(f). Let g = -1 - -2. Let b be ((-1)/2 + g)*12. Calculate k(b).
5
Let z(v) = -v**3 + 3*v**2 + 4*v - 4. Let k(c) = c**2 - 14*c - 45. Let h be k(17). Suppose 14*w = 16*w - h. What is z(w)?
8
Let d(m) = 36*m**3 + m**2 - 11*m + 7. Let i(a) = 16*a**3 - 5*a + 3. Let s(o) = -3*d(o) + 7*i(o). Give s(3).
75
Let u(q) = 3 + 6*q + 231*q**2 + 1 + 18 - 232*q**2 - 7. Let t = -11 + 18. What is u(t)?
8
Let b(q) = 10*q**2 + q - 61. Let s(v) = -8*v**2 + v + 50. Let a(w) = -5*b(w) - 6*s(w). What is a(-10)?
-85
Let n = -28 + 10. Let l = n + 22. Let a(m) = m**2 + 3*m + 5. Let z(g) = 3*g**2 + 6*g + 11. Let r(o) = -5*a(o) + 2*z(o). Give r(l).
1
Let n(r) = -r**3 - 3*r**2 + 2*r - 3. Let u be (-736)/(-40) - ((-6)/(-15))/1. Suppose -7*d - 10 = u. Give n(d).
5
Let p(x) = -4 - 3*x - 4*x**2 + x**2 - 2*x. Let t(f) = -5*f**2 - 8*f - 6. Let i(l) = 8*p(l) - 5*t(l). Let b = -23062 + 23065. Calculate i(b).
7
Let n(x) = -7*x**2 + 4*x + 39. Let w(c) = -6*c**2 + 3*c + 31. Let i(t) = -7*n(t) + 8*w(t). Calculate i(11).
52
Let v(b) = -b**3 + 2*b**2 + 3*b - 3. Let n(j) = -14*j**3 - 2*j**2 - 2*j. Suppose -m + 2 = 3. Let p be n(m). Suppose -3*i + p = 5. Give v(i).
-3
Let i be 0 - -2 - (7 + -5)*1. Let y(c) = -5*c + i*c + 6 + 4*c + 2*c + 1. Calculate y(-7).
0
Let h be 70/(-21) + (-1)/(-3). Let i(f) be the second derivative of -f + 1/3*f**4 + 1/20*f**5 + 0*f**3 - 2*f**2 + 50. What is i(h)?
5
Let m be 62/8 + 1/4. Let a(f) = f - 10637. Let y(s) = 3*s - 30141. Let b(z) = 17*a(z) - 6*y(z). Give b(m).
9
Let q(p) = -p**2 + 23*p - 121. Let l be q(15). Let s(w) = 41*w + 2. What is s(l)?
-39
Let a(k) = -k**3 - 18*k**2 + 15*k + 6. Let y be a(-19). Suppose 0 = -81*m + y*m - 3. Suppose -8*s + m*s = 0. Let x(u) = u**3 - u**2 + 7. Calculate x(s).
7
Let q(a) = -4*a + 6. Let y(k) = k**2 + 14*k + 45. Let f be y(-8). Let r(m) = 4*m + 3. Let h(x) = 3*x + 1. Let o(t) = f*h(t) + 2*r(t). Let n be o(-1). Give q(n).
-10
Let f(z) = -z**3 + 10*z**2 - 6*z + 6. Let g be (2 + 10/(-14))/(-4*2/(-56)). Determine f(g).
33
Let r(y) = -5*y + 69. Let d be r(14). Let l be (15/(-25))/((-2)/10). Let h(j) = 5*j**3 + 3*j**2 + 9*j**3 - 7*j**l + j - j**2. Calculate h(d).
-6
Let h(i) = 2*i - 4. Let y(s) = -5*s + 11. Let n(o) = -8*h(o) - 3*y(o). Let m = 709 - 708. Determine n(m).
-2
Let m = 182 - 182. Suppose -p + 40 - 76 = -3*b, m = -b - 3*p + 12. Let l(f) = -f**2 + 13*f + 2. Calculate l(b).
14
Let r(y) = -y**3 - 2*y**2 + 2*y + 4. Let d be r(-3). Let z be (-25)/(-20) - 76/(-16). Let f(s) = z*s - 12 + 4 - 2*s - 2*s. Determine f(d).
6
Let g(u) = -10 + 21*u**3 + 47*u**3 - 88*u**3 + 21*u**3 - 7*u**2 + 6*u. Determine g(5).
-30
Let b(z) = 7*z + 1. Let o(g) = 4*g - 16. Let s(m) = -5*m. Let i be s(-1). Let j be o(i). Suppose j*v + 4*k + 8 = 0, 3 = -0*k - k. Calculate b(v).
8
Le